e d(g).
-16
Let g(t) = -2*t**3 + 6*t**2 - t + 15. Let w be g(3). Let b(p) = -p**3 + w - 6 + 1 + 1 + 2*p**2 + 4*p**2 - 8*p. Give b(4).
8
Let g = 56561 + -56569. Let p(x) = x**3 + 8*x**2 + x - 2. Let l(n) = -1. Let s(y) = -5*l(y) - p(y). Give s(g).
15
Let y(f) = 133*f - 5. Let u(h) = -60*h + 3. Let p(k) = -5*u(k) - 2*y(k). Determine p(2).
63
Let p(c) be the second derivative of c**6/720 + c**5/30 + 7*c**4 - 127*c. Let n(i) be the third derivative of p(i). Calculate n(2).
6
Let r(i) = i**2 - 7*i + 43. Suppose -17 = -2133*f + 2115*f + 109. What is r(f)?
43
Let t(n) = n - 7. Let x be t(14). Let f(v) = -x*v**3 - v + 0 - 1 + 1. Let r be (-12)/9 - (-15)/45. Give f(r).
8
Suppose 2*l - 28*w + 29*w + 102 = 0, -5*l = -2*w + 264. Let c(v) = v**2 + 51*v - 41. What is c(l)?
11
Let y(d) = 11 - 223*d**3 + 2*d + 13*d + 3 - 18*d**2 + 224*d**3. What is y(17)?
-20
Let i(q) = -3*q - 9. Suppose 4*w + u - 4*u = -153, -80 = 2*w + 2*u. Let h be (-26)/w*9*-1. Determine i(h).
9
Let h(f) be the third derivative of -2*f**7/315 - f**6/720 + 211*f**5/60 + 140*f**2. Let w(d) be the third derivative of h(d). Determine w(1).
-33
Let m(q) = q**2 - 11*q + 20. Let y(f) = 19*f - 756. Let i be y(40). What is m(i)?
-8
Let q(n) = 5*n - 1. Suppose -220 = -18*z - 310. Give q(z).
-26
Let v be 8 + 1/(-1) - 1. Let q(k) = -7*k**3 + 11*k**2 + 182*k + 7. Let o(h) = -h**3 + h**2 + 30*h. Let p(w) = -6*o(w) + q(w). Calculate p(v).
-17
Let o(s) = -2*s**3 - 7*s**2 - 2 + 2*s + 2*s**2 + 3*s**2 + 0*s**3. Let c = 33943 - 33941. Give o(c).
-22
Let m(v) = v + 7. Suppose 11 = z - 2*c, 3*z + 3*c + c - 3 = 0. Let o(f) = -35*f + 777. Let b be o(22). Suppose -z*g + b = -4*g. Calculate m(g).
14
Let n(f) be the first derivative of f**3/3 + 3*f**2 - 5*f - 1. Let v(m) = -650*m - 1955. Let y be v(-3). Determine n(y).
-10
Let l(w) = w**3 + 5*w**2 + 6*w + 6. Let q be l(-4). Let u(b) be the second derivative of -307*b - b**2 - 1/3*b**3 + 1. Calculate u(q).
2
Let z(x) be the second derivative of -7*x**3/2 + 96*x**2 - 78*x + 3. Give z(9).
3
Let i(u) be the second derivative of -u**4/12 - u**3/6 - 3*u**2 - 21*u. Suppose 195*v = 99*v. What is i(v)?
-6
Suppose -6 = -x - 3*q, 32 = 2*x - 5*q - 13. Let k(o) = o**3 - 14*o**2 - 12*o + 11. Give k(x).
56
Let y(r) = 18*r - 1. Let k(l) = -l**2 - 11*l - 27. Suppose 556*v - 559*v - 21 = 0. Let t be k(v). Calculate y(t).
17
Let y(w) = -15*w - 189. Let l = 3522 - 3535. Give y(l).
6
Let x(k) = -10*k**2 - 26*k + 2. Let a be (-9)/(-12)*(-145 + 141). Give x(a).
-10
Suppose 0 = -2*i + 4*y + 77 - 3, -2*y - 48 = -14. Let m(d) = -3*d**3 + d**2 - 5*d + 6. Let s(p) = p**3 + p - 1. Let t(u) = m(u) + 2*s(u). Give t(i).
-23
Let v be 401/3 + 10/(-15). Let d be (-2)/6 + v/21. Let y(t) be the third derivative of t**4/24 - 2*t**3/3 + 3*t**2. What is y(d)?
2
Let m be 26/5 - (-1)/(-5). Let w(o) = -2*o**2 + o**2 - 8*o + 3 - m. Let p(a) = a**2 - 9*a + 10. Let b be p(6). What is w(b)?
-2
Let o(b) = -21*b + 3. Let r(a) = 36*a - 5. Let u(z) = 5*o(z) + 3*r(z). Give u(0).
0
Let r(b) be the first derivative of b**3/3 - 7*b**2/2 + 3*b + 1. Let a be -7 + 520/72 - (-534)/27. Suppose 8*x - 12*x + a = 0. What is r(x)?
-7
Let f(c) = -23*c**3 - 272*c + 2*c**2 + 207*c - 6 + 71*c. What is f(1)?
-21
Let q(g) be the third derivative of g**5/60 - g**4/4 + g**3/2 + 497*g**2 - g. Suppose -9 = 4*h - 37. Determine q(h).
10
Let j be 7 + (-184)/16 + 6 + 26/(-4). Let h(g) be the first derivative of -2*g**2 - 4*g + 2. Determine h(j).
16
Let i(r) = r**3 - 6*r - 2. Let s be i(4). Let z = 42 - s. Let y be ((10/z)/((-3)/6))/1. Let v(j) = -j**3 - 4*j**2 + 2*j - 3. Determine v(y).
12
Let o(a) = -3*a - 24. Let u(p) = 10*p + 70. Let c(n) = -16*o(n) - 5*u(n). Suppose 47*r - 310 = 348. What is c(r)?
6
Let l(s) be the second derivative of -s**3/6 + 5*s**2/2 + 2*s. Let n = 1 - 40. Let d be (-228)/n + (-2)/(-13). Calculate l(d).
-1
Let k(j) = -j + 4. Let h = -280 - -314. Suppose -7*b + 3*b + f + 36 = 0, h = 3*b + f. Determine k(b).
-6
Suppose -668 + 92 = 6*q. Let k = q - -98. Let n be (k - 7)*(-4)/4. Let t(u) = 2*u - 5. What is t(n)?
5
Let i(c) be the second derivative of -c**7/1260 - c**6/240 - c**5/30 + 101*c**4/6 - 22*c - 2. Let j(m) be the third derivative of i(m). What is j(-2)?
-6
Let w(d) = 2*d**2 + 3*d - 1. Let y(c) = 5*c - 8. Let g be (-6)/3*-2 + -3. Let m be y(g). Determine w(m).
8
Let b(r) be the first derivative of -r**4/4 - 2*r**3 - 2*r**2 + 7*r - 11104. What is b(-5)?
2
Let u be 16/24*(18/4)/9*0. Let p(t) = -t**3 + t**2 + 36. Calculate p(u).
36
Let m = 6373 - 6384. Let b(g) = g**3 + 10*g**2 - 10*g + 5. What is b(m)?
-6
Let r = -20292 - -20303. Let c(t) be the first derivative of t**2 - t + 20/3*t**3 + r. What is c(1)?
21
Suppose 0 = -2*d - 2*o + 2, -2*d - 2*d + 2*o + 28 = 0. Suppose 5*p + 16 = -6*w + d*w, -2 = -w + p. Let n(u) = -2*u**3 - u. Give n(w).
3
Suppose 0 = -68*r + 54*r + 70. Let s(y) = -y**2 + 6*y - 14. What is s(r)?
-9
Let a(v) = -v**3 - 4*v**2 - v. Suppose -4 = -4*k, -5*x + x - 5*k = -145. Let f be 60/(-14) - (2 + (-80)/x). Determine a(f).
4
Suppose 38 = -33*o - 12 - 511. Let i(r) = 3*r + 48. Calculate i(o).
-3
Let b(g) = 16*g**2 + 14*g - 8. Let m be (-2 - -1) + 0 + -3. Let c(l) = 5*l**2 + 5*l - 3. Let t(p) = m*b(p) + 11*c(p). Let z be 1/14 - 7815/7294. Determine t(z).
-9
Let x(w) = 20*w**3 + 22*w**2 + 43*w - 13. Let c(v) = 9*v**3 + 11*v**2 + 20*v - 6. Let q(r) = -9*c(r) + 4*x(r). Let u = 8 - 18. Determine q(u).
-18
Let m = -443 - -472. Suppose 19*c - 96 = -m*c. Let s(g) = 3*g**2 - 5*g - 4*g + g + 1 + 5*g. Calculate s(c).
7
Let n(p) = 54*p**3 - 103*p**2 + 141*p + 223. Let q(m) = 13*m**3 - 26*m**2 + 35*m + 56. Let i(s) = -6*n(s) + 25*q(s). Give i(31).
0
Let x(v) = -724*v + 62981. Let c be x(87). Let t(h) = -3*h**2 + 5*h + 3*h + 4*h**2 + 5. Give t(c).
-2
Let z = 136 - 129. Let v(o) = -6*o**2 + 21*o**2 - 3*o**2 - 4*o**2 - z*o**2 + 8*o - 10. What is v(-8)?
-10
Suppose -l - 1 = 3*d, 3430*l - 3426*l + 28 = 0. Let x(q) be the first derivative of 4*q + 3/2*q**d + 25. Give x(-3).
-5
Let p = -58 + 61. Let n(b) = -2*b**2 + 5*b + 7. Let t be n(p). Let w(s) = 50*s - s**2 - 58*s + t + 0*s**2. Determine w(-6).
16
Let a(w) = 6*w - 3. Let s(m) be the third derivative of m**6/60 + 7*m**5/60 - 7*m**3/6 - 3*m**2. Let u be -4 + (-4)/4*(-2 - -1). Let v be s(u). Give a(v).
9
Let v(u) be the third derivative of 0 - 5/6*u**3 + u**2 + 1/12*u**4 + 0*u. Let y = -417 - -422. Give v(y).
5
Suppose 32 = 4*s + 2*n, -3*n - 13 = -4*s - 1. Let p(c) = -50*c - c**2 - 49*c - 7 + 154*c + 10 - 50*c. What is p(s)?
-3
Let o(n) = n**2 - 8*n - 18. Let a(j) = -27*j**2 - 946*j - 21. Let z be a(-35). Calculate o(z).
66
Suppose -169*k + 2*u = -165*k - 44, 2*u + 28 = 2*k. Let i(y) be the first derivative of 9*y - 3 - 1/2*y**2. Calculate i(k).
1
Let g(w) = w**3 - 23*w**2 - 6*w + 142. Suppose 4*x = 5*y - 107, -2*y + 2*x - 26 = -68. What is g(y)?
4
Let n(m) = 20*m - 19 - 3*m**2 - 3*m**3 + 12 - 6*m**2 - 5. Let z(s) = s**3 - s**2 - 2*s + 2. Let v(y) = -n(y) - 4*z(y). What is v(12)?
4
Let z(a) = 16 + 4*a - 58*a**2 + 5*a + 30*a**2 - 5*a + 27*a**2. What is z(7)?
-5
Let o(u) be the second derivative of 2*u**3/3 - 9*u**2/2 + 2273*u. Determine o(5).
11
Suppose 59*i = 51*i + 80. Let m(q) = -q**2 + 8*q + 21. Give m(i).
1
Let q(n) = 9*n + 7*n + n**3 + 3*n - 13 - 8*n**2 - 17*n. Let m be q(8). Suppose -4*b = f - 4, 2 = -f + b - m*b. Let u(t) = -t - 6. Give u(f).
2
Let q(p) = -51*p + 29. Let b(d) = -6*d - 1. Let x(z) = -5*b(z) + q(z). What is x(2)?
-8
Let b(a) be the third derivative of 1/20*a**5 - 1/3*a**3 + 0*a + 3*a**2 - 1/12*a**4 + 25. Let d = 1 + 1. Give b(d).
6
Let h(w) be the second derivative of -w**4/6 - 6*w**3 - 19*w**2 + 2142*w. What is h(-17)?
-4
Let y(g) be the first derivative of 20*g**2 - 5*g + 7701. Determine y(1).
35
Let r(v) be the third derivative of 0*v - 13*v**2 + 13/24*v**4 - 1/6*v**3 + 0. Suppose -4*f + 67 = 71. Determine r(f).
-14
Let m(x) be the second derivative of 1/2*x**2 + 0*x**4 - 59*x + 2 + 1/3*x**3 - 7/20*x**5. What is m(-1)?
6
Suppose q - 30 = -2*c - 16, 0 = -3*q - 5*c + 42. Let b(s) = 7*s - 50 - 7*s + q*s + 14*s + 52. Give b(1).
30
Let d(i) = -12*i**3 + 63*i**2 + i + 12. Let g(y) = 3*y**3 - 21*y**2 - 5. Let h(r) = -2*d(r) - 7*g(r). What is h(-7)?
25
Let u(m) be the third derivative of 0*m - 1/6*m**3 + 3 + 2*m**2 - 1/60*m**5 - 1/3*m**4. Let n be